number?
True
Is 171843197 composite?
False
Is 498923 a prime number?
True
Is 13496302 prime?
False
Is 103438871 composite?
False
Is 19221263 a composite number?
False
Is 3868777 a composite number?
True
Is 25670423 a composite number?
True
Is 51022147 composite?
True
Is 7899047 prime?
False
Is 85197619 a composite number?
True
Is 66921619 a composite number?
False
Is 99012997 a prime number?
True
Is 4420003 prime?
False
Is 54973193 a prime number?
False
Is 24108347 composite?
True
Is 293782417 a composite number?
True
Is 35337079 composite?
False
Is 5313353 prime?
True
Is 10323751 prime?
True
Is 4081733 composite?
False
Is 526803 composite?
True
Is 626701 prime?
True
Is 8088497 composite?
False
Is 3150521 a composite number?
True
Is 718439 a composite number?
True
Is 74923 composite?
False
Is 2183834 a prime number?
False
Is 167207863 prime?
False
Is 11378687 a prime number?
True
Is 122078929 a composite number?
True
Is 116284289 a composite number?
True
Is 98806055 a prime number?
False
Is 627433 a prime number?
True
Is 7324927 a composite number?
True
Is 2426387 a composite number?
False
Is 3856631 composite?
False
Is 148634363 a prime number?
True
Is 224432023 prime?
True
Is 8230199 a composite number?
False
Is 2969599 a prime number?
False
Is 335792603 a composite number?
False
Is 65480381 a composite number?
True
Is 7740251 composite?
False
Is 14610983 a prime number?
False
Is 7328081 a prime number?
False
Is 16730921 a composite number?
False
Is 31207391 a composite number?
True
Is 2346797 a prime number?
False
Is 31483789 prime?
True
Is 245248499 a prime number?
True
Is 11779361 a prime number?
False
Is 52453703 prime?
True
Is 16750999 composite?
True
Is 588651991 a prime number?
True
Is 258892859 prime?
True
Is 9854417 prime?
True
Is 622530983 a prime number?
True
Is 66296537 a prime number?
True
Is 22713209 a prime number?
True
Is 30350099 a prime number?
False
Is 7433321 a composite number?
True
Is 58956869 prime?
True
Is 27119069 composite?
False
Is 256813 prime?
True
Is 1353745 a prime number?
False
Is 1767287 a prime number?
False
Is 4298927 a prime number?
True
Is 12144563 a composite number?
False
Is 6154843 prime?
True
Is 20361139 a prime number?
True
Is 2925359 prime?
True
Is 80789453 composite?
False
Is 73529497 prime?
False
Is 1749491 a prime number?
True
Is 4714439 composite?
False
Is 199505773 prime?
False
Is 16883569 a composite number?
False
Is 37463557 composite?
True
Is 2252063 a composite number?
True
Is 464468863 composite?
False
Is 26809351 composite?
False
Is 1604667 composite?
True
Is 204005093 composite?
False
Is 2223521 a prime number?
True
Is 1881689 composite?
True
Is 4058507 composite?
True
Is 103772555 a prime number?
False
Is 59826982 a composite number?
True
Is 583261157 composite?
False
Is 118638809 composite?
False
Is 93616759 composite?
True
Is 1721983 prime?
True
Is 11138357 prime?
True
Is 110732359 composite?
False
Is 55321883 a composite number?
True
Is 35239187 prime?
True
Is 30593107 prime?
True
Is 6527153 a composite number?
True
Is 7260863 composite?
True
Is 8388707 composite?
True
Is 3365437 composite?
False
Is 8816539 composite?
True
Is 138701203 a prime number?
False
Is 219264407 prime?
True
Is 7491311 composite?
False
Is 58699309 composite?
False
Is 49409863 a prime number?
False
Is 5247559 composite?
True
Is 20615851 prime?
True
Is 3521977 composite?
False
Is 1747939 composite?
False
Is 92609981 composite?
False
Is 34732021 prime?
True
Is 7716143 a composite number?
False
Is 70884701 prime?
False
Is 22780081 composite?
False
Is 4785905 composite?
True
Is 349450511 prime?
True
Is 10358279 a composite number?
True
Is 24575665 prime?
False
Is 69306379 composite?
False
Is 361199 prime?
False
Is 25212263 a composite number?
True
Is 257137 prime?
False
Is 375381133 a composite number?
True
Is 15164927 prime?
False
Is 41428601 prime?
True
Is 53626187 a prime number?
False
Is 15881993 a composite number?
True
Is 631543 prime?
False
Is 398513951 composite?
True
Is 26875517 a composite number?
False
Is 143251873 prime?
True
Is 17483951 composite?
False
Is 3375767 a prime number?
True
Is 2695466 a composite number?
True
Is 197866807 a prime number?
True
Is 37277 prime?
True
Is 5206711 a prime number?
True
Is 157609429 prime?
True
Is 17670871 a prime number?
False
Is 1536251 a prime number?
True
Is 1498933 a prime number?
False
Is 2411351 a prime number?
True
Is 181937719 composite?
False
Is 38927107 prime?
True
Is 4295021 prime?
True
Is 29458867 prime?
False
Is 4355413 composite?
True
Is 362077 prime?
False
Is 42130846 a composite number?
True
Is 26493023 a prime number?
True
Is 54089851 a composite number?
True
Is 15565106 a composite number?
True
Is 932710403 composite?
False
Is 4419241 prime?
False
Is 49093043 prime?
False
Is 268655 a prime number?
False
Is 1777151 a composite number?
True
Is 11861867 prime?
False
Is 6483011 a composite number?
False
Is 1380149 prime?
True
Is 99928847 prime?
False
Is 73508429 composite?
True
Is 107890369 prime?
True
Is 40815661 prime?
False
Is 117845431 composite?
True
Is 39604121 a prime number?
True
Is 182317 composite?
True
Is 79031423 a composite number?
True
Is 5615479 prime?
True
Is 32192269 a prime number?
True
Is 2417243 prime?
True
Is 489989 composite?
False
Is 30251671 composite?
False
Is 136121369 a composite number?
False
Is 9637961 a prime number?
False
Is 600490411 prime?
True
Is 385927721 composite?
False
Is 69309026 composite?
True
Is 85411681 composite?
True
Is 10965677 composite?
False
Is 16790369 a prime number?
True
Is 620131 a prime number?
False
Is 2525311 prime?
False
Is 21560423 a composite number?
False
Is 16825997 prime?
True
Is 1548349 prime?
False
Is 2923861 prime?
False
Is 2555537 a composite number?
True
Is 3203729 a composite number?
False
Is 54208201 a prime number?
False
Is 50248111 prime?
True
Is 250000913 a composite number?
True
Is 6255463 a prime number?
True
Is 2507291 prime?
True
Is 26491921 a prime number?
True
Is 984253 prime?
True
Is 2189423 composite?
True
Is 127388899 prime?
False
Is 7603789 prime?
True
Is 5060219 a composite number?
True
Is 4083533 a composite number?
False
Is 4680383 a prime number?
True
Is 300550583 a composite number?
False
Is 196019 a composite number?
True
Is 10664063 prime?
False
Is 46360271 composite?
False
Is 34346513 a prime number?
True
Is 321209 a composite number?
True
Is 436091 a composite number?
False
Is 308051 composite?
False
Is 231307 a prime number?
False
Is 121483 composite?
True
Is 5216527 a prime number?
False
Is 3855829 a composite number?
False
Is 1945527 a composite number?
True
Is 14300233 a prime number?
True
Is 347554793 a composite number?
False
Is 574165 a composite number?
True
Is 1097097229 a prime number?
False
Is 28686622 composite?
True
Is 1489613 a composite number?
False
Is 116239 a composite number?
False
Is 29491351 composite?
True
Is 163400339 a prime number?
True
Is 26020979 a prime number?
True
Is 39646793 prime?
True
Is 291641639 composite?
False
Is 4803797 composite?
False
Is 42887371 a composite number?
True
Is 241799639 composite?
False
Is 5162891 prime?
True
Is 8120877 a composite number?
True
Is 10763821 a prime number?
True
Is 38075131 a prime number?
True
Is 247244497 a composite number?
False
Is 7586479 prime?
True
Is 5062457 a prime number?
True
Is 4566301 a prime number?
True
Is 1047821 a prime number?
True
Is 5085503 a prime number?
False
Is 2873171 prime?
False
Is 2677413 a prime number?
False
Is 769942093 composite?
False
Is 104497 prime?
False
Is 3238267 prime?
True
Is 60328279 prime?
False
Is 1103849 prime?
True
Is 4959071 a composite number?
True
Is 6466051 a composite number?
False
Is 7548007 prime?
True
Is 103685281 prime?
False
Is 26371447 a prime number?
False
Is 270871 prime?
False
Is 42566509 prime?
True
Is 6095203 prime?
True
Is 15451327 a prime number?
False
Is 39959659 prime?
True
Is 1066721 composite?
False
Is 34117547 prime?
False
Is 168267277 composite?
False
Is 249707629 a composite number?
False
Is 9361771 a composite number?
True
Is 10694137 prime?
False
Is 6883603 a prime number?
False
Is 1627723 a composite number?
False
Is 7469237 prime?
False
Is 52968259 composite?
False
Is 27779483 a prime number?
True
Is 223759 prime?
Tru